n factor of 42823884 and 22287.
1173
Calculate the greatest common divisor of 51850 and 59292.
122
Calculate the greatest common divisor of 96800 and 6856.
8
Calculate the highest common factor of 1029 and 18324579.
147
Calculate the highest common divisor of 252892540 and 502.
502
Calculate the highest common divisor of 63 and 4210073.
7
Calculate the highest common factor of 6515717920 and 17120.
17120
Calculate the greatest common factor of 1340708 and 77656.
2284
What is the greatest common factor of 12663 and 362068?
469
What is the highest common factor of 6388408 and 93704?
5512
What is the highest common divisor of 2255 and 180769?
41
Calculate the highest common divisor of 1006 and 168098.
2
What is the highest common divisor of 5120272 and 1273?
19
What is the highest common divisor of 948 and 27109008?
948
Calculate the highest common factor of 1938 and 3519051.
51
Calculate the greatest common divisor of 54471610 and 10.
10
What is the greatest common factor of 13489 and 289926785?
1927
Calculate the highest common factor of 12 and 8246982.
6
What is the greatest common factor of 1484496 and 2898?
18
Calculate the greatest common divisor of 1173 and 115015525.
23
Calculate the highest common factor of 289 and 1360986.
17
Calculate the highest common divisor of 293524011 and 44.
11
Calculate the greatest common divisor of 6182130 and 6024.
1506
Calculate the greatest common divisor of 66264 and 2.
2
What is the highest common divisor of 10899135 and 31?
31
Calculate the highest common factor of 473 and 30954066.
473
What is the greatest common factor of 6323559 and 393162?
1221
Calculate the greatest common factor of 3955892 and 1036.
148
Calculate the greatest common divisor of 26590 and 5650.
10
What is the greatest common factor of 546053859 and 585?
117
What is the greatest common factor of 33755 and 1690115?
215
What is the greatest common factor of 32600006 and 6?
2
Calculate the highest common factor of 1445 and 2767855.
85
Calculate the greatest common divisor of 1449 and 3605526.
207
Calculate the highest common factor of 96585636 and 1428.
1428
What is the greatest common divisor of 8214956 and 92?
92
Calculate the greatest common divisor of 2106 and 16412253.
39
What is the greatest common factor of 1680 and 13082832?
336
Calculate the greatest common factor of 15633 and 3403941.
579
What is the highest common divisor of 1922 and 2275307?
31
Calculate the highest common factor of 114 and 29302142.
38
What is the greatest common divisor of 8346 and 101166?
78
Calculate the greatest common factor of 65 and 1526759.
13
Calculate the highest common factor of 2509575 and 675.
75
What is the highest common factor of 567 and 15758631?
567
What is the greatest common divisor of 352 and 68840?
8
Calculate the greatest common factor of 1740712 and 68944.
248
What is the highest common divisor of 104314 and 8708?
14
Calculate the highest common divisor of 4361423 and 28567.
583
Calculate the highest common factor of 30 and 40159938.
6
Calculate the highest common factor of 3901 and 966975979.
3901
Calculate the greatest common factor of 19642 and 37030.
322
What is the highest common factor of 2 and 11036648?
2
What is the highest common divisor of 3141430 and 72250?
2890
What is the highest common factor of 1170000 and 15415000?
5000
Calculate the highest common factor of 37544 and 107432.
104
What is the highest common factor of 9477 and 59086989?
1053
What is the highest common factor of 134864 and 14512?
16
Calculate the highest common factor of 29310238 and 14.
2
What is the greatest common factor of 287 and 104895343?
287
Calculate the highest common factor of 126 and 3876390.
126
What is the greatest common divisor of 13112 and 14498?
22
Calculate the highest common divisor of 40 and 533128.
8
What is the greatest common factor of 5280 and 125637?
3
Calculate the greatest common divisor of 295 and 1612057.
59
Calculate the greatest common factor of 9 and 108772632.
9
What is the greatest common divisor of 280117 and 119738?
437
What is the greatest common divisor of 486 and 5506002?
54
Calculate the highest common divisor of 60264 and 590643.
279
Calculate the highest common factor of 38304 and 3368016.
2736
Calculate the greatest common factor of 10115839 and 3977.
97
Calculate the greatest common divisor of 77 and 20031902.
11
What is the greatest common factor of 465664 and 1980160?
4352
Calculate the greatest common divisor of 584385 and 240.
15
What is the highest common factor of 1172352 and 28035699?
9159
Calculate the greatest common factor of 50 and 42973325.
25
Calculate the highest common factor of 42 and 39529294.
14
What is the highest common factor of 2998856 and 4256?
56
Calculate the greatest common divisor of 957931 and 16523.
403
Calculate the greatest common divisor of 84384 and 29912.
8
What is the greatest common factor of 4082 and 1067807?
13
What is the greatest common divisor of 2568 and 19449624?
24
What is the greatest common factor of 11791136 and 336?
112
What is the highest common divisor of 180 and 631668?
12
Calculate the greatest common factor of 203515 and 3627.
403
Calculate the greatest common divisor of 18717994 and 498.
166
What is the greatest common divisor of 1019219 and 533?
41
Calculate the greatest common divisor of 48505026 and 428.
214
Calculate the greatest common divisor of 55 and 262677745.
55
What is the greatest common factor of 302430909 and 1086?
543
Calculate the highest common factor of 2479210 and 7470.
830
Calculate the greatest common factor of 2157610 and 219310.
910
Calculate the highest common divisor of 39696000 and 192.
192
What is the highest common divisor of 3473728 and 256?
64
Calculate the greatest common factor of 410 and 2150950.
10
What is the highest common factor of 253927553 and 1609?
1609
Calculate the greatest common factor of 2919 and 54159.
21
Calculate the greatest common factor of 1722 and 30506.
14
What is the greatest common factor of 1240734 and 6534?
726
What is the greatest common factor of 4551655 and 6757?
233
Calculate the highest common divisor of 2554573606 and 16006.
16006
Calculate the highest common factor of 9548802 and 1269.
423
What is the greatest common factor of 158304 and 371952?
48
Calculate the greatest common divisor of 442816 and 86496.
544
Calculate the highest common factor of 2796 and 87924.
12
What is the highest common divisor of 6024137 and 3808?
119
What is the greatest common divisor of 61463566 and 3511?
3511
Calculate the greatest common divisor of 103148 and 374996.
964
What is the highest common factor of 1140 and 1005765?
285
Calculate the greatest common divisor of 4996421 and 1.
1
Calculate the highest common factor of 4 and 27266354.
2
What is the highest common divisor of 922 and 677737306?
922
What is the highest common divisor of 11432 and 4154103?
1429
What is the highest common factor of 6895029 and 24?
3
What is the highest common factor of 30786428 and 318?
106
What is the greatest common divisor of 15645847 and 269?
269
Calculate the highest common divisor of 367680 and 10480.
80
Calculate the highest common divisor of 26 and 202292.
2
Calculate the highest common divisor of 14215296 and 768.
384
Calculate the greatest common factor of 511 and 66311.
7
What is the highest common divisor of 1023081851 and 11?
11
Calculate the highest common divisor of 10736 and 225830.
22
Calculate the greatest common divisor of 132415 and 16380295.
1865
What is the greatest common factor of 1059 and 38223?
3
What is the greatest common divisor of 60 and 6889515?
15
What is the highest common divisor of 2210 and 46880730?
2210
What is the highest common divisor of 90830 and 9070?
10
Calculate the highest common factor of 3861978 and 153338.
3566
Calculate the greatest common factor of 2048400 and 74400.
1200
What is the highest common divisor of 486 and 480906?
18
Calculate the highest common factor of 63242 and 2030542.
206
What is the highest common factor of 74612234 and 2454?
818
What is the highest common divisor of 18185755 and 266?
133
Calculate the highest common divisor of 445733484 and 24.
12
What is the greatest common divisor of 103675 and 945835?
1595
Calculate the highest common divisor of 105391 and